
30
What is the highest common divisor of 8738 and 1649?
17
What is the highest common factor of 488 and 57706?
122
What is the greatest common divisor of 664 and 18260?
332
Calculate the greatest common divisor of 29116 and 261.
29
What is the highest common divisor of 209814 and 11616?
726
What is the highest common divisor of 798 and 57570?
114
Calculate the highest common divisor of 212 and 709564.
212
Calculate the highest common divisor of 944627 and 11723.
617
What is the highest common factor of 2380937 and 92?
23
Calculate the highest common factor of 104 and 3462524.
52
Calculate the greatest common divisor of 3456 and 1442016.
864
What is the highest common factor of 641 and 16?
1
What is the highest common factor of 814583 and 16688?
1043
What is the greatest common factor of 29144 and 64?
8
What is the highest common factor of 73054 and 2?
2
Calculate the highest common factor of 86640 and 1995.
285
What is the highest common divisor of 145 and 39527?
29
Calculate the highest common factor of 181213 and 4.
1
Calculate the greatest common factor of 189 and 49221.
27
What is the highest common divisor of 98 and 1006117?
49
What is the greatest common divisor of 52029 and 893?
47
Calculate the highest common divisor of 55323 and 15.
3
What is the greatest common divisor of 4815738 and 72?
18
Calculate the greatest common divisor of 1196 and 75440.
92
Calculate the greatest common factor of 675 and 188675.
25
What is the highest common factor of 1154 and 142?
2
What is the greatest common divisor of 27625 and 29835?
1105
What is the greatest common factor of 1220 and 19463270?
610
Calculate the highest common factor of 3273655 and 2420.
605
What is the greatest common divisor of 20444 and 60794?
538
What is the highest common factor of 26168 and 16?
8
What is the greatest common factor of 13 and 5116709?
13
What is the highest common factor of 1924517 and 14?
7
Calculate the greatest common factor of 9488 and 148.
4
Calculate the highest common factor of 1899 and 9284.
211
What is the greatest common factor of 2000 and 11664?
16
Calculate the highest common factor of 37200 and 132.
12
Calculate the greatest common factor of 276 and 8724.
12
Calculate the highest common divisor of 975 and 10275.
75
What is the greatest common divisor of 10 and 2071510?
10
Calculate the greatest common factor of 43 and 16469.
43
What is the highest common factor of 6710 and 682?
22
Calculate the greatest common divisor of 4826 and 6.
2
What is the greatest common factor of 10960 and 19454?
274
Calculate the greatest common factor of 56 and 48398.
14
What is the greatest common factor of 3402 and 4032?
126
What is the highest common divisor of 72576 and 768?
384
Calculate the greatest common factor of 202 and 320.
2
What is the highest common divisor of 136196 and 2155?
431
What is the greatest common divisor of 1450 and 2630?
10
What is the highest common factor of 1212580 and 180?
20
What is the greatest common factor of 447 and 1441575?
447
Calculate the greatest common divisor of 9230 and 19786.
26
What is the highest common divisor of 219 and 47158?
73
Calculate the greatest common factor of 429 and 5850.
39
What is the highest common divisor of 968 and 11891?
11
Calculate the greatest common factor of 31083 and 949.
13
What is the greatest common factor of 1403373 and 329?
47
What is the greatest common factor of 3273 and 39?
3
What is the greatest common factor of 3534 and 138105?
93
What is the greatest common divisor of 2907 and 16245?
171
Calculate the highest common factor of 6467802 and 5247.
1749
What is the greatest common divisor of 17138 and 943?
41
Calculate the greatest common factor of 48 and 14646.
6
Calculate the greatest common factor of 1788 and 6144.
12
Calculate the highest common divisor of 1184 and 160.
32
Calculate the greatest common divisor of 396 and 2088.
36
What is the highest common factor of 13507 and 169?
13
Calculate the highest common factor of 4188456 and 216.
216
Calculate the greatest common divisor of 64078 and 14.
14
What is the highest common factor of 478051 and 1519?
217
Calculate the highest common factor of 9028 and 11988.
148
Calculate the highest common divisor of 218 and 191731.
109
Calculate the greatest common factor of 258 and 413058.
258
What is the highest common divisor of 3178 and 122514?
14
Calculate the highest common divisor of 8103 and 5439.
111
Calculate the greatest common factor of 198 and 59158.
22
What is the highest common divisor of 699639 and 248?
31
What is the highest common factor of 74944 and 688?
16
Calculate the greatest common divisor of 16 and 232128.
16
Calculate the highest common factor of 196 and 26117.
49
What is the greatest common factor of 123 and 63789?
3
Calculate the highest common divisor of 35041 and 268.
67
What is the highest common factor of 1118 and 43344?
86
Calculate the highest common factor of 189924 and 1848.
84
Calculate the greatest common factor of 44 and 166892.
44
What is the highest common divisor of 820 and 681830?
410
Calculate the greatest common factor of 78613 and 127.
127
Calculate the greatest common divisor of 109427 and 219.
73
Calculate the highest common factor of 551 and 5771.
29
Calculate the highest common factor of 20 and 67.
1
What is the highest common factor of 8 and 12854?
2
What is the highest common divisor of 89738 and 22?
22
Calculate the greatest common factor of 21664 and 1048.
8
Calculate the greatest common factor of 174694 and 104.
26
Calculate the greatest common factor of 8877 and 1683.
33
What is the highest common factor of 23944 and 141912?
584
Calculate the greatest common divisor of 24041 and 783.
29
What is the highest common divisor of 207 and 29670?
69
Calculate the greatest common factor of 878662 and 1202.
1202
Calculate the greatest common divisor of 133 and 109079.
19
Calculate the highest common factor of 1439922 and 54.
6
What is the highest common factor of 1235 and 200?
5
Calculate the greatest common divisor of 12895080 and 24.
24
What is the greatest common factor of 12570 and 410?
10
Calculate the greatest common factor of 405850 and 30.
10
Calculate the highest common factor of 15562 and 30622.
502
Calculate the greatest common divisor of 22 and 24783.
11
What is the highest common factor of 585 and 446511?
39
What is the greatest common factor of 717 and 1508090?
239
Calculate the highest common factor of 32988 and 60.
12
What is the greatest common divisor of 226 and 1491374?
226
Calculate the greatest common divisor of 2100098 and 210.
14
Calculate the greatest common divisor of 464 and 1363.
29
Calculate the highest common factor of 397 and 2032243.
397
What is the greatest common divisor of 45251 and 333?
37
Calculate the greatest common factor of 296001 and 3591.
513
Calculate the highest common divisor of 967170 and 12.
6
What is the greatest common divisor of 938 and 21434?
14
What is the greatest common divisor of 1834 and 112?
14
Calculate the greatest common divisor of 1350 and 25540.
10
Calculate the highest common divisor of 4379 and 9664.
151
Calculate the greatest common factor of 4208 and 864.
16
Calculate the greatest common factor of 57280 and 80.
80
Calculate the highest common divisor of 20 and 562180.
20
Calculate the highest common divisor of 2262 and 95394.
78
What is the highest common divisor of 2151 and 8019?
9
Calculate the greatest common factor of 406 and 1463021.
203
Calculate the highest common factor of 9082 and 2629.
239
Calculate the highest common divisor of 6560 and 127200.
160
Calculate the greatest common divisor of 3060 and 80820.
180
Calculate the greatest common divisor of 292 and 175346.
146
Calculate the greatest common divisor of 50 and 1019440.
10
What is the highest common divisor of 1438200 and 220?
20
What is the greatest common factor of 459864 and 456?
24
Calculate the greatest common divisor of 351 and 1218087.
117
Calculate the greatest common divisor of 512 and 5920.
32
What is the greatest common divisor of 409312 and 16?
16
What is the greatest common divisor of 105560 and 141288?
1624
What is the highest common factor of 15029 and 1469?
113
Calculate the greatest common factor of 38 and 796746.
38
Calculate the greatest common factor of 3179